{"id":2016,"date":"2022-05-03T19:33:04","date_gmt":"2022-05-03T19:33:04","guid":{"rendered":"https:\/\/connect.apsanet.org\/apsa2022\/?page_id=2016"},"modified":"2022-05-03T19:42:28","modified_gmt":"2022-05-03T19:42:28","slug":"online-program","status":"publish","type":"page","link":"https:\/\/connect.apsanet.org\/apsa2022\/online-program\/","title":{"rendered":"Online Program"},"content":{"rendered":"<link rel=\"stylesheet\" href=\"https:\/\/connect.apsanet.org\/apsa2022\/wp-content\/plugins\/elementor-pro\/assets\/css\/widget-call-to-action.min.css\">\n<h2>Now Live! The APSA 2022 Online Program<\/h2>\n<p>\t\t\t\t\t\tUse the online program to obtain the most up-to-date information on the annual meeting. Please be sure to log in to view in-person panel rooms.<br \/>\n\t\t\t\t\t<a href=\"https:\/\/convention2.allacademic.com\/one\/apsa\/apsa22\/\"><br \/>\n\t\t\t\t\t\tBrowse the 2022 online program here \u00bb\t\t\t\t\t<\/a><\/p>\n<p>You can now <a href=\"https:\/\/convention2.allacademic.com\/one\/apsa\/apsa22\/\"><b>browse the live program<\/b><\/a> and search by session, event type, fields of interest, date, time, and more! The 2022 APSA Annual Meeting and Exhibition will be held in-person in Montr\u00e9al, Qu\u00e9bec, Canada, September 15-18, 2022. See also the <a href=\"https:\/\/connect.apsanet.org\/apsa2022\/schedule-at-a-glance\/\">schedule at a glance<\/a>.<\/p>\n<p><strong>Information on Travel to Canada<\/strong><br \/>In preparation for the event in Canada, there are some important, time-sensitive items to consider prior to planning your trip to the 2022 APSA Annual Meeting in Montr\u00e9al, Canada. Please be sure to review our <strong><a style=\"color: #3366ff;\" href=\"https:\/\/connect.apsanet.org\/apsa2022\/getting-to-canada\/\">Travel to Canada resources page<\/a><\/strong>&nbsp;carefully to ensure a seamless entry to Canada and return home. We highly recommend using the <strong><a style=\"color: #3366ff;\" href=\"https:\/\/travel.gc.ca\/travel-covid\/travel-restrictions\/wizard-start\">Canada Entry Questionnaire Wizard<\/a><\/strong> and the <strong><a style=\"color: #3366ff;\" href=\"https:\/\/travel.gc.ca\/travel-covid\/travel-restrictions\/covid-vaccinated-travellers-entering-canada\">Canadian Travel &amp; COVID-19 Requirements website<\/a><\/strong> from the Canadian Government frequently, as this will be the most current and will be the final determination of all guidance<\/p>\n<table style=\"height: 24px; width: 100%; border-collapse: collapse; background-color: #dce7f7;\">\n<tbody>\n<tr style=\"height: 24px;\">\n<td style=\"width: 100%; height: 24px;\"><strong><a href=\"https:\/\/connect.apsanet.org\/apsa2022\/registration\/\">Register Now!<\/a><\/strong><br \/>Join us for 118th American Political Science Association\u2019s Annual Meeting &amp; Exhibition, September 15-18, 2022, in-person in Montr\u00e9al, Qu\u00e9bec, Canada, to address the latest scholarship in political science. The 2022 conference theme is \u201cRethink, Restructure, and Reconnect: Towards A Post-Pandemic Political Science.\u201d<\/td>\n<\/tr>\n<\/tbody>\n<\/table>\n<table style=\"width: 100%; border-collapse: collapse; background-color: #dedede;\">\n<tbody>\n<tr>\n<td style=\"width: 100%;\">\n<p><strong><a href=\"https:\/\/connect.apsanet.org\/apsa2022\/housing\/\">Book Your Montr\u00e9al Hotel<\/a><\/strong><br \/>The 2022 APSA Annual Meeting and Exhibition will take place at the Palais de congr\u00e9s de Montr\u00e9al and at the Le Westin. Registration and the Exhibit Hall will be at the Palais de congr\u00e9s.<\/p>\n<\/td>\n<\/tr>\n<\/tbody>\n<\/table>\n","protected":false},"excerpt":{"rendered":"<p>Now Live! The APSA 2022 Online Program Use the online program to obtain the most up-to-date information on the annual meeting. Please be sure to&hellip;<\/p>\n","protected":false},"author":10,"featured_media":0,"parent":0,"menu_order":0,"comment_status":"closed","ping_status":"closed","template":"","meta":{"_bbp_topic_count":0,"_bbp_reply_count":0,"_bbp_total_topic_count":0,"_bbp_total_reply_count":0,"_bbp_voice_count":0,"_bbp_anonymous_reply_count":0,"_bbp_topic_count_hidden":0,"_bbp_reply_count_hidden":0,"_bbp_forum_subforum_count":0,"_monsterinsights_skip_tracking":false,"_monsterinsights_sitenote_active":false,"_monsterinsights_sitenote_note":"","_monsterinsights_sitenote_category":0,"footnotes":""},"class_list":["post-2016","page","type-page","status-publish","hentry"],"_links":{"self":[{"href":"https:\/\/connect.apsanet.org\/apsa2022\/wp-json\/wp\/v2\/pages\/2016","targetHints":{"allow":["GET"]}}],"collection":[{"href":"https:\/\/connect.apsanet.org\/apsa2022\/wp-json\/wp\/v2\/pages"}],"about":[{"href":"https:\/\/connect.apsanet.org\/apsa2022\/wp-json\/wp\/v2\/types\/page"}],"author":[{"embeddable":true,"href":"https:\/\/connect.apsanet.org\/apsa2022\/wp-json\/wp\/v2\/users\/10"}],"replies":[{"embeddable":true,"href":"https:\/\/connect.apsanet.org\/apsa2022\/wp-json\/wp\/v2\/comments?post=2016"}],"version-history":[{"count":0,"href":"https:\/\/connect.apsanet.org\/apsa2022\/wp-json\/wp\/v2\/pages\/2016\/revisions"}],"wp:attachment":[{"href":"https:\/\/connect.apsanet.org\/apsa2022\/wp-json\/wp\/v2\/media?parent=2016"}],"curies":[{"name":"wp","href":"https:\/\/api.w.org\/{rel}","templated":true}]}}