{"id":1144,"date":"2021-03-04T20:15:41","date_gmt":"2021-03-04T20:15:41","guid":{"rendered":"https:\/\/connect.apsanet.org\/apsa2021\/?page_id=1144"},"modified":"2023-08-25T16:47:30","modified_gmt":"2023-08-25T16:47:30","slug":"plenary-events","status":"publish","type":"page","link":"https:\/\/connect.apsanet.org\/apsa2023\/program\/plenary-events\/","title":{"rendered":"Plenary Events"},"content":{"rendered":"\n<div class=\"wp-block-media-text alignwide is-stacked-on-mobile is-image-fill has-luminous-vivid-amber-to-luminous-vivid-orange-gradient-background has-background has-medium-font-size\" style=\"grid-template-columns:18% auto\"><figure class=\"wp-block-media-text__media\" style=\"background-image:url(https:\/\/connect.apsanet.org\/apsa2023\/wp-content\/uploads\/sites\/83\/2023\/04\/20220915-602A8661.jpg);background-position:77% 28%\"><img loading=\"lazy\" decoding=\"async\" width=\"1200\" height=\"800\" src=\"https:\/\/connect.apsanet.org\/apsa2023\/wp-content\/uploads\/sites\/83\/2023\/04\/20220915-602A8661.jpg\" alt=\"\" class=\"wp-image-5099 size-full\" srcset=\"https:\/\/connect.apsanet.org\/apsa2023\/wp-content\/uploads\/sites\/83\/2023\/04\/20220915-602A8661.jpg 1200w, https:\/\/connect.apsanet.org\/apsa2023\/wp-content\/uploads\/sites\/83\/2023\/04\/20220915-602A8661-300x200.jpg 300w, https:\/\/connect.apsanet.org\/apsa2023\/wp-content\/uploads\/sites\/83\/2023\/04\/20220915-602A8661-1024x683.jpg 1024w, https:\/\/connect.apsanet.org\/apsa2023\/wp-content\/uploads\/sites\/83\/2023\/04\/20220915-602A8661-768x512.jpg 768w, https:\/\/connect.apsanet.org\/apsa2023\/wp-content\/uploads\/sites\/83\/2023\/04\/20220915-602A8661-50x33.jpg 50w, https:\/\/connect.apsanet.org\/apsa2023\/wp-content\/uploads\/sites\/83\/2023\/04\/20220915-602A8661-100x67.jpg 100w\" sizes=\"auto, (max-width: 1200px) 100vw, 1200px\" \/><\/figure><div class=\"wp-block-media-text__content\">\n<p class=\"has-colibri-color-5-color has-text-color has-medium-font-size\"><strong>Plenary Events:<\/strong> APSA and the 2023 program co-chairs, Zolt\u00e1n B\u00faz\u00e1s, University of Notre Dame, and Felicity Vabulas, Pepperdine University, look forward to your participation in these plenary panels and sessions during the meeting!<\/p>\n<\/div><\/div>\n\n\n\n<div style=\"height:54px\" aria-hidden=\"true\" class=\"wp-block-spacer\"><\/div>\n\n\n\n<p class=\"has-colibri-color-2-color has-text-color\">\u2023&nbsp;<strong>119TH APSA PRESIDENTIAL ADDRESS<\/strong><\/p>\n\n\n\n<figure class=\"wp-block-table is-style-regular\">\n<table class=\"has-fixed-layout\" style=\"width: 100%; height: 163px;\">\n<tbody>\n<tr style=\"height: 23px;\">\n<td style=\"border-color: #b8b8b8; height: 23px;\"><strong>119th Presidential Address: Global Governance Confronts the Onslaught of Disinformation<\/strong><\/td>\n<\/tr>\n<tr style=\"height: 140px;\">\n<td style=\"border-color: #b8b8b8; height: 140px;\"><img loading=\"lazy\" decoding=\"async\" class=\"alignleft wp-image-7125 size-thumbnail\" src=\"https:\/\/connect.apsanet.org\/apsa2023\/wp-content\/uploads\/sites\/83\/2023\/07\/Adela-Levis-2-150x150.png\" alt=\"\" width=\"150\" height=\"150\" srcset=\"https:\/\/connect.apsanet.org\/apsa2023\/wp-content\/uploads\/sites\/83\/2023\/07\/Adela-Levis-2-150x150.png 150w, https:\/\/connect.apsanet.org\/apsa2023\/wp-content\/uploads\/sites\/83\/2023\/07\/Adela-Levis-2-50x50.png 50w, https:\/\/connect.apsanet.org\/apsa2023\/wp-content\/uploads\/sites\/83\/2023\/07\/Adela-Levis-2-100x100.png 100w, https:\/\/connect.apsanet.org\/apsa2023\/wp-content\/uploads\/sites\/83\/2023\/07\/Adela-Levis-2.png 300w\" sizes=\"auto, (max-width: 150px) 100vw, 150px\" \/><strong><a href=\"https:\/\/polisci.wisc.edu\/staff\/lisa-martin\/\">Lisa Martin<\/a>, APSA President, University of Wisconsin, Madison&nbsp;<\/strong><br><em>Thursday, August 31, LACC, Petree Hall C, at 6:30 p.m. to 7:30 p.m.<\/em>&nbsp;<br><br><strong>119th Annual Meeting Opening Reception<\/strong>&nbsp;<br>APSA hosts the Opening Reception. All attendees are invited to enjoy hors d\u2019oeuvres and cocktails.&nbsp;<br><em>Thursday, August 31, LACC, Petree Hall D, at 7:30 p.m. to 8:30 p.m.<\/em>&nbsp;<\/td>\n<\/tr>\n<\/tbody>\n<\/table>\n<\/figure>\n\n\n\n<p class=\"has-colibri-color-2-color has-text-color\"><strong>\u2023&nbsp;PLENARY SESSIONS<\/strong><\/p>\n\n\n\n<div class=\"wp-block-group\"><div class=\"wp-block-group__inner-container is-layout-constrained wp-block-group-is-layout-constrained\">\n<div class=\"wp-block-columns are-vertically-aligned-top has-background is-layout-flex wp-container-core-columns-is-layout-9d6595d7 wp-block-columns-is-layout-flex\" style=\"background-color:#f3f3f3\">\n<div class=\"wp-block-column is-vertically-aligned-top is-layout-flow wp-block-column-is-layout-flow\">\n<h4 class=\"wp-block-heading has-medium-font-size\"><strong>Plenary:<\/strong> <strong>The Debate over \u201cNational Conservatism\u201d<\/strong><\/h4>\n\n\n\n<p><strong><em>Friday, September 1, LACC, Petree Hall C, at 2:00 p.m. to 3:30 p.m.<\/em>&nbsp;<\/strong><\/p>\n\n\n\n<p>Surveys regularly show that modern academic disciplines and institutions are primarily populated by liberals, so conservatives often contend that their views are not well understood or represented in fields like political science. This plenary panel aims to deepen understanding of contemporary conservatism by focusing on the rise of \u201cNational Conservatism.\u201d The National Conservative movement has held a series of international conferences since 2019, and in 2022 over 80 leading conservative academics and public intellectuals from the U.S. and 10 other nations joined in endorsing a 10-point National Conservatism \u201cStatement of Principles.\u201d It rejects \u201cuniversalist ideologies\u201d such as \u201cliberal imperialism\u201d and \u201cglobalism\u201d in favor of \u201cupholding national traditions.\u201d Other conservatives have criticized the National Conservatives, some contending that the principles of the Declaration of Independence and of universalistic religious faiths deserve more allegiance than nation-states. This panel will include leading voices from inside and outside academia who represent both National Conservatism\u2019s adherents and its conservative critics, so that political scientists can better grasp the themes and debates characterizing conservatism in the U.S. and many other nations today.&nbsp;<\/p>\n\n\n\n<p><strong>Presenters: <\/strong><\/p>\n\n\n\n<p>Rogers Smith, University of Pennsylvania (Moderator)<br>Emily Jashinsky, The Federalist<br>Charles Kesler, Claremont McKenna College<br>Lucas E. Morel, Washington &amp; Lee University<br>Saurabh Sharma, American Moment<br>Carol M. Swain, Texas Public Policy Foundation<\/p>\n\n\n\n<p><a href=\"https:\/\/connect.apsanet.org\/apsa2023\/about-the-speakers\/\"><strong>About the Speakers \u00bb<\/strong><\/a><\/p>\n<\/div>\n\n\n\n<div class=\"wp-block-column is-vertically-aligned-top is-layout-flow wp-block-column-is-layout-flow\">\n<h4 class=\"wp-block-heading has-medium-font-size\"><strong>Plenary<\/strong>: <strong>Mis- and Disinformation in an Age of Human Rights<\/strong><\/h4>\n\n\n\n<p><em><strong>Friday, September 1, LACC, Petree Hall C, at 4:00 p.m. to 5:30 p.m.<\/strong><\/em><\/p>\n\n\n\n<p>Political communication can be fraught with mis- and disinformation, with crucial consequences for human rights. Misinformation related to covid-19, for example, undercuts the right to health. Election-related disinformation corrodes the right to free and fair elections. Falsehoods that amplify hatred against racial and ethnic, religious, or political minorities violate the right to non-discrimination and freedom of religion. At the same time, apparent attempts to fight mis- and disinformation could be employed against political opponents and critical journalists, undermining the right to assembly, free speech and freedom of the press. Our plenary panel will focus on rights and responsibilities in a world of mis- and disinformation. How can we conceive of and undertake our work and civic responsibilities in ways that lower the harm of mis- and disinformation? How should we rethink complex governance structures, political communication, democracy, algorithms, or freedom of expression, if at all? This panel aims to bring together a diverse group of political scientists, representatives of big tech, government officials, and members of nonprofits to grapple with problems and solutions posed by dis- and misinformation.<\/p>\n\n\n\n<p><strong>Presenters:<\/strong><\/p>\n\n\n\n<p>Beth A. Simmons, University of Pennsylvania (Moderator)<br>Suparna Chaudry, Lewis &amp; Clark College<br>Adela Levis, U.S. Department of State<br>Kenneth Roth, Princeton School of Public and International Affairs<br>Jack L. Snyder, Columbia University<br><br><\/p>\n\n\n\n<p><a href=\"https:\/\/connect.apsanet.org\/apsa2023\/about-the-speakers\/\"><strong>About the Speakers \u00bb<\/strong><\/a><\/p>\n<\/div>\n<\/div>\n<\/div><\/div>\n\n\n\n<p class=\"has-colibri-color-2-color has-text-color\">\u2023&nbsp;<strong>BREAKING NEWS<\/strong> <strong>PANELS<\/strong><\/p>\n\n\n\n<div class=\"wp-block-group\"><div class=\"wp-block-group__inner-container is-layout-constrained wp-block-group-is-layout-constrained\">\n<div class=\"wp-block-columns are-vertically-aligned-top has-background is-layout-flex wp-container-core-columns-is-layout-9d6595d7 wp-block-columns-is-layout-flex\" style=\"background-color:#f3f3f3\">\n<div class=\"wp-block-column is-vertically-aligned-top is-layout-flow wp-block-column-is-layout-flow\">\n<h4 class=\"wp-block-heading has-medium-font-size\"><strong>Breaking News: The Supreme Court and the Future of Affirmative Action<\/strong><\/h4>\n\n\n\n<p><em><strong>Thursday, August 31, LACC, Petree Hall C, at 2:00 p.m. to 3:30 p.m.<\/strong><\/em><\/p>\n\n\n\n<p>The most anticipated Supreme Court rulings this summer include two cases pertaining to affirmative action\u2013students for Fair Admissions (SEFA) v. University of North Carolina and SEFA v. Harvard University. The oral arguments suggest that the court will strike down or at least weaken considerations of race in school admissions. This panel engages with a number of timely questions related to these rulings: Did the Supreme Court\u2019s rulings validate these expectations? To what extent do these most recent rulings depart from the court\u2019s precedent? What are the effects on student bodies, especially at elite institutions and HBCUs? How will universities respond to these rulings? Are there suitable race-neutral alternatives that will ensure the diversity of student populations? How do these rulings shape our understanding of racial discrimination? What are the implications beyond higher education?<\/p>\n\n\n\n<p><strong>Presenters: <\/strong><\/p>\n\n\n\n<p>Paula McClain, Duke University (Moderator)<br>Ricardo Ramirez, University of Notre Dame<br>Richard Henry Sander, UCLA School of Law<br>Michele Siqueiros, College Campaign<br>Janelle Wong, University of Maryland<\/p>\n\n\n\n<p><a href=\"https:\/\/connect.apsanet.org\/apsa2023\/about-the-speakers\/\"><strong>About the Speakers \u00bb<\/strong><\/a><\/p>\n<\/div>\n\n\n\n<div class=\"wp-block-column is-vertically-aligned-top is-layout-flow wp-block-column-is-layout-flow\">\n<h4 class=\"wp-block-heading has-medium-font-size\"><strong>Breaking News: Examining CRT &amp; DEI Mis(Dis)Information: The Intellectual, Policy, and Political Implications in the Academy and Beyond<\/strong><\/h4>\n\n\n\n<p><em><em><strong>Friday, September 1, LACC, 511B, at 10:00 a.m. to 11:30 a.m.<\/strong><\/em><\/em><\/p>\n\n\n\n<p>Over the past several years, both attention to and recognition of systemic inequities that create marginalization based on race, ethnicity, gender, religion, sexuality, ability and more have grown. Simultaneously, there is growing hostility to attempts to identify and ameliorate past and present inequities. This backlash has resulted in significant social and political attacks on explanations of those inequities (e.g., Critical Race Theory [CRT]), as well as efforts developed to ameliorate the inequities themselves (e.g., Diversity, Equity, and Inclusion [DEI] measures). This hostility is driven by mis- and dis-information campaigns, and a significant amount of ire is currently targeted at higher education (in particular, scholars that engage with DEI work and CRT), as well as professors from marginalized identity groups (regardless of the focus of their research). This roundtable will include a discussion of the current state of these attacks and their effects on scholars, higher education, and society as well.<\/p>\n\n\n\n<p><strong>Presenters: <\/strong><\/p>\n\n\n\n<p>Courtenay W. Daum, Colorado State University<br>Jessica L. Lavariega Monforti, California State University Channel Islands<br>Loan K. Le, Institute for Good Government &amp; Inclusion<br>Liz Norell, University of Mississippi<br>Periloux Peay, University of Oklahoma<br>Kaitlin Kelly Thompson, Tufts University<br>Isaac Kamola, Trinity College<br>Sergio C. Wals, University of Nebraska, Lincoln<\/p>\n\n\n\n<p><a href=\"https:\/\/connect.apsanet.org\/apsa2023\/about-the-speakers\/\"><strong>About the Speakers \u00bb<\/strong><\/a><\/p>\n<\/div>\n<\/div>\n\n\n\n<div class=\"wp-block-columns are-vertically-aligned-top has-background is-layout-flex wp-container-core-columns-is-layout-9d6595d7 wp-block-columns-is-layout-flex\" style=\"background-color:#f3f3f3\">\n<div class=\"wp-block-column is-vertically-aligned-top is-layout-flow wp-block-column-is-layout-flow\">\n<h4 class=\"wp-block-heading has-medium-font-size\"><strong>Breaking News: Generative AI and the Future of Political Science&nbsp;<\/strong><\/h4>\n\n\n\n<p><strong><em>Saturday, September 2, LACC, Petree Hall C, 10:00 a.m. to 11:30 a.m.<\/em>&nbsp;<\/strong><\/p>\n\n\n\n<p style=\"text-align: left;\">One of the fastest changes in political science research, teaching, and practice over the past year has been the rapid ascendency of generative artificial intelligence (AI). Tools like Chat GPT stand to change the way we think about and \u201cdo\u201d political science. This panel engages with an emerging set of questions as we consider how AI will change the traditional landscape of political science. What are the ethical implications of generative AI in the classroom, in our careers, and throughout political processes? What are the threats that generative AI might pose to critical thinking? What opportunities could generative AI present for shattering worn-out practices, and how can we capture those benefits? Perhaps most importantly for the theme of the conference, how might generative AI create challenges for an increasingly polarized world that is rife with mis- and disinformation? And might generative AI provoke human rights concerns that upstage some of today\u2019s most difficult dilemmas?<\/p>\n\n\n\n<p><strong>Presenters: <\/strong><\/p>\n\n\n\n<p>Julie George, Cornell University (Moderator)<br>Joshua A. Goldstein, Georgetown University<br>Todd C. Helmus, RAND Corporation<br>Michael&nbsp;R.&nbsp;Tomz, Stanford University&nbsp;<br>Filippo Trevisan, American University<br>Nicole Wu, University of Toronto<\/p>\n\n\n\n<p><a href=\"https:\/\/connect.apsanet.org\/apsa2023\/about-the-speakers\/\"><strong>About the Speakers \u00bb<\/strong><\/a><\/p>\n<\/div>\n<\/div>\n<\/div><\/div>\n\n\n\n<p><\/p>\n","protected":false},"excerpt":{"rendered":"<p>Plenary Events: APSA and the 2023 program co-chairs, Zolt\u00e1n B\u00faz\u00e1s, University of Notre Dame, and Felicity Vabulas, Pepperdine University, look forward to your participation in these plenary panels and sessions during the meeting! \u2023&nbsp;119TH APSA PRESIDENTIAL ADDRESS 119th Presidential Address: Global Governance Confronts the Onslaught of Disinformation Lisa Martin, APSA President, University of Wisconsin, Madison&nbsp;Thursday, [&hellip;]<\/p>\n","protected":false},"author":25307,"featured_media":0,"parent":1184,"menu_order":0,"comment_status":"closed","ping_status":"closed","template":"","meta":{"_bbp_topic_count":0,"_bbp_reply_count":0,"_bbp_total_topic_count":0,"_bbp_total_reply_count":0,"_bbp_voice_count":0,"_bbp_anonymous_reply_count":0,"_bbp_topic_count_hidden":0,"_bbp_reply_count_hidden":0,"_bbp_forum_subforum_count":0,"_monsterinsights_skip_tracking":false,"_monsterinsights_sitenote_active":false,"_monsterinsights_sitenote_note":"","_monsterinsights_sitenote_category":0,"footnotes":""},"class_list":["post-1144","page","type-page","status-publish","hentry"],"_links":{"self":[{"href":"https:\/\/connect.apsanet.org\/apsa2023\/wp-json\/wp\/v2\/pages\/1144","targetHints":{"allow":["GET"]}}],"collection":[{"href":"https:\/\/connect.apsanet.org\/apsa2023\/wp-json\/wp\/v2\/pages"}],"about":[{"href":"https:\/\/connect.apsanet.org\/apsa2023\/wp-json\/wp\/v2\/types\/page"}],"author":[{"embeddable":true,"href":"https:\/\/connect.apsanet.org\/apsa2023\/wp-json\/wp\/v2\/users\/25307"}],"replies":[{"embeddable":true,"href":"https:\/\/connect.apsanet.org\/apsa2023\/wp-json\/wp\/v2\/comments?post=1144"}],"version-history":[{"count":0,"href":"https:\/\/connect.apsanet.org\/apsa2023\/wp-json\/wp\/v2\/pages\/1144\/revisions"}],"up":[{"embeddable":true,"href":"https:\/\/connect.apsanet.org\/apsa2023\/wp-json\/wp\/v2\/pages\/1184"}],"wp:attachment":[{"href":"https:\/\/connect.apsanet.org\/apsa2023\/wp-json\/wp\/v2\/media?parent=1144"}],"curies":[{"name":"wp","href":"https:\/\/api.w.org\/{rel}","templated":true}]}}