{"id":6875,"date":"2023-06-26T18:18:38","date_gmt":"2023-06-26T18:18:38","guid":{"rendered":"https:\/\/connect.apsanet.org\/apsa2023\/?page_id=6875"},"modified":"2023-08-23T16:35:04","modified_gmt":"2023-08-23T16:35:04","slug":"mini-film-festival","status":"publish","type":"page","link":"https:\/\/connect.apsanet.org\/apsa2023\/mini-film-festival\/","title":{"rendered":"Mini-Film Festival"},"content":{"rendered":"\n<h3 class=\"wp-block-heading has-text-align-left has-large-font-size\" style=\"font-style:normal;font-weight:700\"><strong>2023 APSA Mini-Film Festival<\/strong><\/h3>\n\n\n\n<p><strong>Come grab some popcorn and enjoy the research, learning, and teaching potential of film<\/strong>!<\/p>\n\n\n\n<p class=\"has-text-align-left\">Given that the 2023 American Political Science Association&#8217;s Annual Meeting and Exhibition will be hosted in Los Angeles, the 2023 Program Chairs&nbsp;Zolt\u00e1n B\u00faz\u00e1s&nbsp;and Felicity Vabulas are thrilled to offer a<strong> unique mini-film festival <\/strong>during the conference. This is particularly apropos because the convention center is a stone\u2019s throw from Hollywood and the city is known for global cinema. <\/p>\n\n\n\n<p class=\"has-text-align-left\">Documentary film can serve as primary source material for research, elevating the voices of marginalized communities and undiscovered stories. Film can also serve as a valuable tool for advocacy and teaching by exposing students to political themes that come to life before their eyes. With this in mind, the conference co-chairs have chosen five documentary films that cover issues related to this year\u2019s conference theme and showcase diversity in both topic and location.&nbsp;<\/p>\n\n\n\n<p>While each of the films will be an entertaining way to end your busy conference days, we also hope the films will foster and provoke critical discussions of important events that you might also take back to the classroom.<strong> <\/strong><\/p>\n\n\n\n<p><em>Film details and showtimes can be found below<\/em>.<\/p>\n\n\n\n<div class=\"wp-block-columns alignfull has-text-color has-background is-layout-flex wp-container-core-columns-is-layout-9d6595d7 wp-block-columns-is-layout-flex\" style=\"color:#000000;background-color:#ffffff\">\n<div class=\"wp-block-column is-layout-flow wp-block-column-is-layout-flow\">\n<figure class=\"wp-block-image size-full\"><img loading=\"lazy\" decoding=\"async\" width=\"390\" height=\"580\" src=\"https:\/\/connect.apsanet.org\/apsa2023\/wp-content\/uploads\/sites\/83\/2023\/06\/Capture-1.png\" alt=\"\" class=\"wp-image-6880\" srcset=\"https:\/\/connect.apsanet.org\/apsa2023\/wp-content\/uploads\/sites\/83\/2023\/06\/Capture-1.png 390w, https:\/\/connect.apsanet.org\/apsa2023\/wp-content\/uploads\/sites\/83\/2023\/06\/Capture-1-202x300.png 202w, https:\/\/connect.apsanet.org\/apsa2023\/wp-content\/uploads\/sites\/83\/2023\/06\/Capture-1-34x50.png 34w, https:\/\/connect.apsanet.org\/apsa2023\/wp-content\/uploads\/sites\/83\/2023\/06\/Capture-1-67x100.png 67w\" sizes=\"auto, (max-width: 390px) 100vw, 390px\" \/><\/figure>\n\n\n\n<h3 class=\"wp-block-heading\" style=\"font-size:24px;line-height:1.3\"><strong>Navalny <\/strong><\/h3>\n\n\n\n<p>The 2023 Academy Award winner for best documentary feature &#8211;&nbsp; is a film about the poisoning and imprisonment of Russian opposition leader Alexei Navalny who dared to tell the truth about the Kremlin.<\/p>\n<\/div>\n\n\n\n<div class=\"wp-block-column is-layout-flow wp-block-column-is-layout-flow\">\n<figure class=\"wp-block-image size-full\"><img loading=\"lazy\" decoding=\"async\" width=\"382\" height=\"562\" src=\"https:\/\/connect.apsanet.org\/apsa2023\/wp-content\/uploads\/sites\/83\/2023\/06\/Capture-2.png\" alt=\"\" class=\"wp-image-6881\" srcset=\"https:\/\/connect.apsanet.org\/apsa2023\/wp-content\/uploads\/sites\/83\/2023\/06\/Capture-2.png 382w, https:\/\/connect.apsanet.org\/apsa2023\/wp-content\/uploads\/sites\/83\/2023\/06\/Capture-2-204x300.png 204w, https:\/\/connect.apsanet.org\/apsa2023\/wp-content\/uploads\/sites\/83\/2023\/06\/Capture-2-34x50.png 34w, https:\/\/connect.apsanet.org\/apsa2023\/wp-content\/uploads\/sites\/83\/2023\/06\/Capture-2-68x100.png 68w\" sizes=\"auto, (max-width: 382px) 100vw, 382px\" \/><\/figure>\n\n\n\n<h3 class=\"wp-block-heading\" style=\"font-size:24px;line-height:1.3\"><strong>Suppressed and Sabotaged: The Fight to Vote <\/strong><\/h3>\n\n\n\n<p><em>Suppressed and Sabotaged: The Fight to Vote<\/em>&nbsp;tells about the growing threat of voter suppression and election sabotage as seen in the US 2022 midterm elections and Georgia\u2019s 2018 gubernatorial race between Stacey Abrams and Brian Kemp.&nbsp;<\/p>\n<\/div>\n\n\n\n<div class=\"wp-block-column is-layout-flow wp-block-column-is-layout-flow\">\n<figure class=\"wp-block-image size-full\"><img loading=\"lazy\" decoding=\"async\" width=\"386\" height=\"560\" src=\"https:\/\/connect.apsanet.org\/apsa2023\/wp-content\/uploads\/sites\/83\/2023\/06\/Capture.png\" alt=\"\" class=\"wp-image-6879\" srcset=\"https:\/\/connect.apsanet.org\/apsa2023\/wp-content\/uploads\/sites\/83\/2023\/06\/Capture.png 386w, https:\/\/connect.apsanet.org\/apsa2023\/wp-content\/uploads\/sites\/83\/2023\/06\/Capture-207x300.png 207w, https:\/\/connect.apsanet.org\/apsa2023\/wp-content\/uploads\/sites\/83\/2023\/06\/Capture-34x50.png 34w, https:\/\/connect.apsanet.org\/apsa2023\/wp-content\/uploads\/sites\/83\/2023\/06\/Capture-69x100.png 69w\" sizes=\"auto, (max-width: 386px) 100vw, 386px\" \/><\/figure>\n\n\n\n<h3 class=\"wp-block-heading\" style=\"font-size:24px;line-height:1.3\"><strong><strong>The First Step<\/strong> <\/strong><\/h3>\n\n\n\n<p><em><em>The First Step<\/em>&nbsp;<\/em>walks alongside activist and political commentator Van Jones who controversially works across party lines on landmark criminal justice reform and a more humane response to the addiction crisis in a divided America.&nbsp;<\/p>\n<\/div>\n<\/div>\n\n\n\n<div class=\"wp-block-columns alignfull has-text-color has-background is-layout-flex wp-container-core-columns-is-layout-9d6595d7 wp-block-columns-is-layout-flex\" style=\"color:#000000;background-color:#ffffff\">\n<div class=\"wp-block-column is-layout-flow wp-block-column-is-layout-flow\">\n<figure class=\"wp-block-image size-full\"><img loading=\"lazy\" decoding=\"async\" width=\"379\" height=\"579\" src=\"https:\/\/connect.apsanet.org\/apsa2023\/wp-content\/uploads\/sites\/83\/2023\/08\/unapologetic.png\" alt=\"\" class=\"wp-image-8362\" srcset=\"https:\/\/connect.apsanet.org\/apsa2023\/wp-content\/uploads\/sites\/83\/2023\/08\/unapologetic.png 379w, https:\/\/connect.apsanet.org\/apsa2023\/wp-content\/uploads\/sites\/83\/2023\/08\/unapologetic-196x300.png 196w, https:\/\/connect.apsanet.org\/apsa2023\/wp-content\/uploads\/sites\/83\/2023\/08\/unapologetic-33x50.png 33w, https:\/\/connect.apsanet.org\/apsa2023\/wp-content\/uploads\/sites\/83\/2023\/08\/unapologetic-65x100.png 65w\" sizes=\"auto, (max-width: 379px) 100vw, 379px\" \/><\/figure>\n\n\n\n<h3 class=\"wp-block-heading\" style=\"font-size:24px;line-height:1.3\"><strong>Unapologetic <\/strong><\/h3>\n\n\n\n<p><em>Unapologetic&nbsp;<\/em>recounts how Black millennial organizers, after two police killings, challenge a Chicago administration that is complicit in state violence against its Black residents.&nbsp;<\/p>\n<\/div>\n\n\n\n<div class=\"wp-block-column is-layout-flow wp-block-column-is-layout-flow\">\n<figure class=\"wp-block-image size-full\"><img loading=\"lazy\" decoding=\"async\" width=\"365\" height=\"510\" src=\"https:\/\/connect.apsanet.org\/apsa2023\/wp-content\/uploads\/sites\/83\/2023\/07\/poster-2.png\" alt=\"\" class=\"wp-image-7299\" srcset=\"https:\/\/connect.apsanet.org\/apsa2023\/wp-content\/uploads\/sites\/83\/2023\/07\/poster-2.png 365w, https:\/\/connect.apsanet.org\/apsa2023\/wp-content\/uploads\/sites\/83\/2023\/07\/poster-2-215x300.png 215w, https:\/\/connect.apsanet.org\/apsa2023\/wp-content\/uploads\/sites\/83\/2023\/07\/poster-2-36x50.png 36w, https:\/\/connect.apsanet.org\/apsa2023\/wp-content\/uploads\/sites\/83\/2023\/07\/poster-2-72x100.png 72w\" sizes=\"auto, (max-width: 365px) 100vw, 365px\" \/><\/figure>\n\n\n\n<h3 class=\"wp-block-heading\" style=\"font-size:24px;line-height:1.3\"><strong>The Rise and Fall of Hong Kong<\/strong><\/h3>\n\n\n\n<p><em>The Rise and Fall of Hong Kong<\/em> explores Hong Kong&#8217;s battle for their democracy with interviews from protestors, professors, politicians, and activists telling how their new National Security Law has turned this international business mecca into a Chinese controlled police state.<\/p>\n<\/div>\n\n\n\n<div class=\"wp-block-column is-layout-flow wp-block-column-is-layout-flow\">\n<figure class=\"wp-block-image size-full\"><img loading=\"lazy\" decoding=\"async\" width=\"379\" height=\"535\" src=\"https:\/\/connect.apsanet.org\/apsa2023\/wp-content\/uploads\/sites\/83\/2023\/08\/apsa-oral-history-film-cover.png\" alt=\"\" class=\"wp-image-8347\" srcset=\"https:\/\/connect.apsanet.org\/apsa2023\/wp-content\/uploads\/sites\/83\/2023\/08\/apsa-oral-history-film-cover.png 379w, https:\/\/connect.apsanet.org\/apsa2023\/wp-content\/uploads\/sites\/83\/2023\/08\/apsa-oral-history-film-cover-213x300.png 213w, https:\/\/connect.apsanet.org\/apsa2023\/wp-content\/uploads\/sites\/83\/2023\/08\/apsa-oral-history-film-cover-35x50.png 35w, https:\/\/connect.apsanet.org\/apsa2023\/wp-content\/uploads\/sites\/83\/2023\/08\/apsa-oral-history-film-cover-71x100.png 71w\" sizes=\"auto, (max-width: 379px) 100vw, 379px\" \/><\/figure>\n\n\n\n<h3 class=\"wp-block-heading\" style=\"font-size:24px;line-height:1.3\"><strong>APSA Oral History Project: History in the Profession<\/strong><\/h3>\n\n\n\n<p>This collection of interviews contributes to a continuous&nbsp;project&nbsp;that&nbsp;seeks to amplify the scholarship and contributions of Black, Indigenous, and People of Color to the profession.<\/p>\n<\/div>\n<\/div>\n\n\n\n<hr class=\"wp-block-separator has-alpha-channel-opacity\"\/>\n\n\n\n<h2 class=\"wp-block-heading has-text-align-left has-large-font-size\"><strong>About the Films<\/strong><\/h2>\n\n\n\n<p><strong><em>Navalny<\/em><br><\/strong><em>Navalny<\/em> takes viewers inside the careful investigation into the shocking and brazen assassination attempt against Russian opposition leader Alexey Navalny, and who was behind it. Through his years-long campaign against corruption among Russia\u2019s elites, Navalny has developed powerful enemies. His publicized revelations, and calls for democratic reforms, have enraged Vladimir Putin, who refuses to even say his name in public. In August 2020, Navalny was secretly poisoned with a military-grade chemical nerve agent in an elaborate attempt on his life. Despite denials from the Russian government, the poison was later linked to the Kremlin through investigations by international news organizations, including Bellingcat and CNN. <a href=\"https:\/\/gooddocs.net\/products\/navalny\">View the trailer.<\/a><\/p>\n\n\n\n<p><strong><strong><em>Unapologetic<\/em><br><\/strong><\/strong><em>Unapologetic<\/em>&nbsp;captures a tense and polarizing moment in Chicago\u2019s fight for the livelihood of its Black residents. The film follows Jana\u00e9 and Bella, two young abolitionist organizers, as they work within the Movement for Black Lives to seek justice for Rekia Boyd and Laquan McDonald, two young Black people killed by Chicago police. They aim to elevate a progressive platform for criminal justice to a police board led by Lori Lightfoot and a complicit city administration, while also elevating leadership by women and femmes.&nbsp;<a href=\"https:\/\/vimeo.com\/624832575\">View the trailer<\/a>.<\/p>\n\n\n\n<p><strong><em>The Rise and Fall of Hong Kong<\/em><\/strong><br>This film explores Hong Kong&#8217;s battle for their democracy with interviews from protestors, professors, politicians, and activists telling how their new National Security Law has turned this international business mecca into a Chinese controlled police state.<\/p>\n\n\n\n<p><strong><strong><em>Suppressed and Sabotaged: The Fight to Vote<br><\/em><\/strong><\/strong><em>Suppressed and Sabotaged: The Fight To Vote<\/em>&nbsp;(2022) by Robert Greenwald (Director of Outfoxed, Walmart: The High Cost of Low Price, and Making A Killing: Guns Greed and the NRA) is a powerful documentary about the growing threat of voter suppression and election sabotage to our 2022 midterm elections. In 2021, 19 states passed 34 new voter laws following the Big Lie of the 2020 election. The film focuses on this recent wave of voter suppression and subversion laws being enacted in states, and how the 2018 Georgia gubernatorial race between Stacey Abrams and Brian Kemp provides a case study for understanding today\u2019s voter suppression laws across the country.&nbsp;<em>Suppressed and Sabotaged: The Fight To Vote<\/em> now includes perspectives from voters in Arizona, Florida, Texas, and Georgia that highlight how these new laws will affect their constitutional right to vote. Suppression tactics covered in the film include: deliberate barriers to registration; polling place closures; voter purges; missing absentee ballots; extreme wait times at polling locations; exact match disqualifications; new vote by mail limitations; changes to ballot collection and drop off and more. Voter suppression laws disproportionately affect American Students, Senior Citizens, Black, Indigenous, Latine, and People of Color from casting their ballots. Suppressed and Sabotaged 2022 is a call to action against the calculated, unconstitutional and racist attacks intended to suppress the right to vote in America. <a href=\"https:\/\/vimeo.com\/692136820\/bfcf28293f?share=copy\">View the trailer.<\/a><\/p>\n\n\n\n<p><strong><em>The First Step<\/em><br><\/strong>In a divided America, Van Jones controversially works across party lines on landmark criminal justice reform and a more humane response to the addiction crisis. Attempting to be a bridge builder in a time of extreme polarization, takes him deep into the inner workings of a divisive administration, internal debates within both parties, &amp; the lives of frontline activists fighting for their communities. <a href=\"https:\/\/gooddocs.net\/products\/the-first-step\">View the trailer.<\/a><\/p>\n\n\n\n<p><em><strong>APSA Oral History Project: History in the Profession<\/strong><\/em><\/p>\n\n\n\n<p>This collection of interviews contributes to a continuous&nbsp;project&nbsp;that&nbsp;seeks to amplify the scholarship and contributions of Black, Indigenous, and People of Color to the profession and investigate the&nbsp;history&nbsp;of race and racism in the political science profession.&nbsp;It further builds upon the APSA-Pi Sigma African American Alpha&nbsp;Oral&nbsp;History&nbsp;Project&nbsp;(1988-1994) and is motivated by the&nbsp;<a rel=\"noreferrer noopener\" href=\"https:\/\/connect.apsanet.org\/sidtaskforce\/\" target=\"_blank\">McClain Task Force on Systemic Inequality in the Discipline (2022)<\/a>.&nbsp;<\/p>\n\n\n\n<hr class=\"wp-block-separator has-alpha-channel-opacity\"\/>\n\n\n\n<h2 class=\"wp-block-heading has-large-font-size\"><strong>Film Showing Schedule<\/strong><\/h2>\n\n\n\n<figure class=\"wp-block-table is-style-regular\"><table class=\"has-fixed-layout\"><thead><tr><th>Date<\/th><th>Film Name<\/th><th>Time<\/th><th>Location<\/th><\/tr><\/thead><tbody><tr><td><em>Thursday, August 31<\/em><\/td><td><\/td><td><\/td><td><\/td><\/tr><tr><td><\/td><td><strong>History in the Profession: APSA Oral History Project: <\/strong><br><br><strong>Dr. Elsie Scott, Howard University<\/strong><\/td><td><strong>12:00 p.m. \u2013 1:00 p.m.<\/strong><\/td><td><strong><em>LACC, 411<\/em><\/strong><\/td><\/tr><tr><td><\/td><td><strong>History in the Profession: APSA Oral History Project: <\/strong><br><br><strong>Dr. Kathie Stromile Golden, Mississippi Valley State University<\/strong><\/td><td><strong>1:00 p.m. \u2013 2:00 p.m.<\/strong><\/td><td><strong><em>LACC, 411<\/em><\/strong><\/td><\/tr><tr><td><\/td><td><strong><strong>The Rise and Fall of Hong Kong<\/strong><\/strong><\/td><td><strong>4:00 p.m. \u2013 6:00 p.m.<\/strong><\/td><td><strong><em>LACC, 411<\/em><\/strong><\/td><\/tr><tr><td><em>Friday, September 1<\/em><\/td><td><\/td><td><\/td><td><\/td><\/tr><tr><td><\/td><td><strong>History in the Profession: APSA Oral History Project: <\/strong><br><br><strong>Dr. Dianne M. Pinderhughes, University of Notre Dame<\/strong><\/td><td><strong>10:00 a.m. \u2013 11:00 a.m.<\/strong><\/td><td><strong><em>LACC, 411<\/em><\/strong><\/td><\/tr><tr><td><\/td><td><strong>History in the Profession: APSA Oral History Project: <\/strong><br><br><strong>Dr. Todd Shaw, the University of South Carolina<\/strong><\/td><td><strong>12:00 p.m. \u2013 1:00 p.m.<\/strong><\/td><td><strong><em>LACC, 411<\/em><\/strong><\/td><\/tr><tr><td><\/td><td><strong><strong>Unapologetic<\/strong><\/strong><\/td><td><strong>4:00 p.m. \u2013 5:30 p.m.<\/strong><\/td><td><strong><em>LACC, 411<\/em><\/strong><\/td><\/tr><tr><td><\/td><td><strong><strong>Suppressed and Sabotaged<\/strong><\/strong><\/td><td><strong>5:45 p.m. \u2013 6:30 p.m.<\/strong><\/td><td><strong><em>LACC, 411<\/em><\/strong><\/td><\/tr><tr><td><em>Saturday, September 2<\/em><\/td><td><\/td><td><\/td><td><\/td><\/tr><tr><td><\/td><td><strong>The First Step<\/strong><\/td><td><strong>4:00 p.m. \u2013 5:30 p.m.<\/strong><\/td><td><strong><em>LACC, 411<\/em><\/strong><\/td><\/tr><tr><td><\/td><td><strong>Navalny<\/strong><\/td><td><strong>6:00 p.m. \u2013 7:30 p.m.<\/strong><\/td><td><strong><em>LACC, 411<\/em><\/strong><\/td><\/tr><\/tbody><\/table><\/figure>\n","protected":false},"excerpt":{"rendered":"<p>2023 APSA Mini-Film Festival Come grab some popcorn and enjoy the research, learning, and teaching potential of film! Given that the 2023 American Political Science Association&#8217;s Annual Meeting and Exhibition will be hosted in Los Angeles, the 2023 Program Chairs&nbsp;Zolt\u00e1n B\u00faz\u00e1s&nbsp;and Felicity Vabulas are thrilled to offer a unique mini-film festival during the conference. This [&hellip;]<\/p>\n","protected":false},"author":10,"featured_media":0,"parent":0,"menu_order":0,"comment_status":"closed","ping_status":"closed","template":"","meta":{"_bbp_topic_count":0,"_bbp_reply_count":0,"_bbp_total_topic_count":0,"_bbp_total_reply_count":0,"_bbp_voice_count":0,"_bbp_anonymous_reply_count":0,"_bbp_topic_count_hidden":0,"_bbp_reply_count_hidden":0,"_bbp_forum_subforum_count":0,"_monsterinsights_skip_tracking":false,"_monsterinsights_sitenote_active":false,"_monsterinsights_sitenote_note":"","_monsterinsights_sitenote_category":0,"footnotes":""},"class_list":["post-6875","page","type-page","status-publish","hentry"],"_links":{"self":[{"href":"https:\/\/connect.apsanet.org\/apsa2023\/wp-json\/wp\/v2\/pages\/6875","targetHints":{"allow":["GET"]}}],"collection":[{"href":"https:\/\/connect.apsanet.org\/apsa2023\/wp-json\/wp\/v2\/pages"}],"about":[{"href":"https:\/\/connect.apsanet.org\/apsa2023\/wp-json\/wp\/v2\/types\/page"}],"author":[{"embeddable":true,"href":"https:\/\/connect.apsanet.org\/apsa2023\/wp-json\/wp\/v2\/users\/10"}],"replies":[{"embeddable":true,"href":"https:\/\/connect.apsanet.org\/apsa2023\/wp-json\/wp\/v2\/comments?post=6875"}],"version-history":[{"count":0,"href":"https:\/\/connect.apsanet.org\/apsa2023\/wp-json\/wp\/v2\/pages\/6875\/revisions"}],"wp:attachment":[{"href":"https:\/\/connect.apsanet.org\/apsa2023\/wp-json\/wp\/v2\/media?parent=6875"}],"curies":[{"name":"wp","href":"https:\/\/api.w.org\/{rel}","templated":true}]}}